{"id":52,"date":"2019-04-09T15:36:25","date_gmt":"2019-04-09T15:36:25","guid":{"rendered":"http:\/\/forsthausbreitenstein.de\/?page_id=52"},"modified":"2026-04-14T16:16:35","modified_gmt":"2026-04-14T16:16:35","slug":"oeffnungszeiten","status":"publish","type":"page","link":"https:\/\/forsthausbreitenstein.de\/?page_id=52","title":{"rendered":"\u00d6ffnungszeiten"},"content":{"rendered":"\n<p>_________________________________________________________________________________<\/p>\n\n\n\n<p class=\"has-text-align-center has-dark-gray-background-color has-text-color has-background\" style=\"color:#ffffff\"><strong>Anfragen und Reservierungen unter 06328 227<\/strong><\/p>\n\n\n\n<p><span style=\"text-decoration: underline;\"><strong>\u00d6ffnungszeiten:<\/strong><\/span><\/p>\n<p>Ge\u00f6ffnet Mittwoch, Donnerstag, Samstag und Sonntag sowie an Feiertagen von 11.00 bis 18:00 Uhr.<\/p>\n<p>Zus\u00e4tzlich haben wir am 1.5, 15.5, 25.5 und am 5.6 f\u00fcr sie ge\u00f6ffnet!<\/p>\n<p>Montag, Dienstag und Freitag geschlossen.\u00a0<\/p>\n\n\n\n\n","protected":false},"excerpt":{"rendered":"<p>_________________________________________________________________________________ Anfragen und Reservierungen unter 06328 227 \u00d6ffnungszeiten: Ge\u00f6ffnet Mittwoch, Donnerstag, Samstag und Sonntag sowie an Feiertagen von 11.00 bis 18:00 Uhr. Zus\u00e4tzlich haben wir am 1.5, 15.5, 25.5 und am 5.6 f\u00fcr sie ge\u00f6ffnet! Montag, Dienstag und Freitag geschlossen.\u00a0<\/p>\n","protected":false},"author":2,"featured_media":0,"parent":0,"menu_order":0,"comment_status":"closed","ping_status":"closed","template":"","meta":{"footnotes":""},"class_list":["post-52","page","type-page","status-publish","hentry","post-preview"],"_links":{"self":[{"href":"https:\/\/forsthausbreitenstein.de\/index.php?rest_route=\/wp\/v2\/pages\/52","targetHints":{"allow":["GET"]}}],"collection":[{"href":"https:\/\/forsthausbreitenstein.de\/index.php?rest_route=\/wp\/v2\/pages"}],"about":[{"href":"https:\/\/forsthausbreitenstein.de\/index.php?rest_route=\/wp\/v2\/types\/page"}],"author":[{"embeddable":true,"href":"https:\/\/forsthausbreitenstein.de\/index.php?rest_route=\/wp\/v2\/users\/2"}],"replies":[{"embeddable":true,"href":"https:\/\/forsthausbreitenstein.de\/index.php?rest_route=%2Fwp%2Fv2%2Fcomments&post=52"}],"version-history":[{"count":60,"href":"https:\/\/forsthausbreitenstein.de\/index.php?rest_route=\/wp\/v2\/pages\/52\/revisions"}],"predecessor-version":[{"id":753,"href":"https:\/\/forsthausbreitenstein.de\/index.php?rest_route=\/wp\/v2\/pages\/52\/revisions\/753"}],"wp:attachment":[{"href":"https:\/\/forsthausbreitenstein.de\/index.php?rest_route=%2Fwp%2Fv2%2Fmedia&parent=52"}],"curies":[{"name":"wp","href":"https:\/\/api.w.org\/{rel}","templated":true}]}}

Öffnungszeiten

<p>_________________________________________________________________________________</p>



<p class="has-text-align-center has-dark-gray-background-color has-text-color has-background" style="color:#ffffff"><strong>Anfragen und Reservierungen unter 06328 227</strong></p>



<p><span style="text-decoration: underline;"><strong>Öffnungszeiten:</strong></span></p>
<p>Geöffnet Mittwoch, Donnerstag, Samstag und Sonntag sowie an Feiertagen von 11.00 bis 18:00 Uhr.</p>
<p>Zusätzlich haben wir am 1.5, 15.5, 25.5 und am 5.6 für sie geöffnet!</p>
<p>Montag, Dienstag und Freitag geschlossen. </p>

<p>_________________________________________________________________________________ Anfragen und Reservierungen unter 06328 227 Öffnungszeiten: Geöffnet Mittwoch, Donnerstag, Samstag und Sonntag sowie an Feiertagen von 11.00 bis 18:00 Uhr. Zusätzlich haben wir am 1.5, 15.5, 25.5 und am 5.6 für sie geöffnet! Montag, Dienstag und Freitag geschlossen. </p>
