{"id":9,"date":"2019-04-09T14:28:44","date_gmt":"2019-04-09T14:28:44","guid":{"rendered":"http:\/\/forsthausbreitenstein.de\/?page_id=9"},"modified":"2024-12-27T05:26:16","modified_gmt":"2024-12-27T05:26:16","slug":"impressum","status":"publish","type":"page","link":"https:\/\/forsthausbreitenstein.de\/?page_id=9","title":{"rendered":"Impressum"},"content":{"rendered":"\n<p><strong>Dienstanbieter<\/strong><\/p>\n\n\n\n<p><strong>Dienstanbieter laut Telemediengesetz:<\/strong><br>Dr. Michael Bormann<br>Forsthaus Breitenstein<br>67466 Breitenstein<\/p>\n\n\n\n<p>Tel.: 06328 227<br>Email: forsthaus-breitenstein@t-online.de<\/p>\n\n\n\n<p>USt.-IdNr.:DE814378698<\/p>\n\n\n\n<p><strong>Zust\u00e4ndige Erlaubnisbeh\u00f6rde:<\/strong><br>Verbandsgemeindeverwaltung Maikammer<br>Immengartenstra\u00dfe 24<br>67487 Maikammer<\/p>\n","protected":false},"excerpt":{"rendered":"<p>Dienstanbieter Dienstanbieter laut Telemediengesetz:Dr. Michael BormannForsthaus Breitenstein67466 Breitenstein Tel.: 06328 227Email: forsthaus-breitenstein@t-online.de USt.-IdNr.:DE814378698 Zust\u00e4ndige Erlaubnisbeh\u00f6rde:Verbandsgemeindeverwaltung MaikammerImmengartenstra\u00dfe 2467487 Maikammer<\/p>\n","protected":false},"author":2,"featured_media":0,"parent":0,"menu_order":0,"comment_status":"closed","ping_status":"closed","template":"","meta":{"footnotes":""},"class_list":["post-9","page","type-page","status-publish","hentry","post-preview"],"_links":{"self":[{"href":"https:\/\/forsthausbreitenstein.de\/index.php?rest_route=\/wp\/v2\/pages\/9","targetHints":{"allow":["GET"]}}],"collection":[{"href":"https:\/\/forsthausbreitenstein.de\/index.php?rest_route=\/wp\/v2\/pages"}],"about":[{"href":"https:\/\/forsthausbreitenstein.de\/index.php?rest_route=\/wp\/v2\/types\/page"}],"author":[{"embeddable":true,"href":"https:\/\/forsthausbreitenstein.de\/index.php?rest_route=\/wp\/v2\/users\/2"}],"replies":[{"embeddable":true,"href":"https:\/\/forsthausbreitenstein.de\/index.php?rest_route=%2Fwp%2Fv2%2Fcomments&post=9"}],"version-history":[{"count":3,"href":"https:\/\/forsthausbreitenstein.de\/index.php?rest_route=\/wp\/v2\/pages\/9\/revisions"}],"predecessor-version":[{"id":106,"href":"https:\/\/forsthausbreitenstein.de\/index.php?rest_route=\/wp\/v2\/pages\/9\/revisions\/106"}],"wp:attachment":[{"href":"https:\/\/forsthausbreitenstein.de\/index.php?rest_route=%2Fwp%2Fv2%2Fmedia&parent=9"}],"curies":[{"name":"wp","href":"https:\/\/api.w.org\/{rel}","templated":true}]}}